k be 45/(12/8 + 0). Let y be ((-225)/k)/((-2)/4). Calculate the greatest common factor of 165 and y.
15
Suppose -16 = c - 5*c. Suppose 4*w - 2*m - 164 = 0, w - 4*w + c*m = -128. Suppose -p - w = -5*p. What is the highest common divisor of 70 and p?
10
Let j be ((-50)/(-30))/((-5)/(-126)). What is the greatest common factor of 63 and j?
21
Let o(d) = -4*d**2 + 3*d - 1. Let f = 4 + -7. Let u be o(f). Let p be u*(-1)/2 - -1. Calculate the highest common factor of 8 and p.
8
Let b(k) = -k**3 + 5*k**2 + 7*k - 6. Let q be b(4). Let g be (3 - 117)/(-3 - -1). What is the highest common divisor of g and q?
19
Let p be 33 + (12/1)/(-3). Suppose 2*g - p = 13. What is the greatest common factor of 3 and g?
3
Let k(p) = 2*p**2 + 3*p - 2. Let m be k(-3). Let q = m + 15. What is the greatest common factor of q and 154?
22
Suppose -6*z - 4 = -2*z. Let y be (0 + z)*(-1)/(-1). Let p(q) = 23*q**2 - 1. Let w be p(y). Calculate the greatest common factor of 2 and w.
2
Let i(k) be the second derivative of k**5/20 - k**4/3 + 5*k**3/6 - k**2 - k. Let r be i(4). Calculate the highest common factor of 27 and r.
9
Let l = -892 - -1517. Suppose -4*t + 148 = m, 4*t = 5*m + t - l. Calculate the highest common factor of m and 16.
16
Suppose 2*z = -n + 18, 0*z - z - 41 = -2*n. Calculate the greatest common divisor of n and 4.
4
Let y = -8 - -44. What is the greatest common factor of 36 and y?
36
Let b be 1*21/3*-1. Let g(y) = -y**2 - 8*y + 2. Let v be g(b). Calculate the greatest common divisor of 63 and v.
9
Suppose 2*y + 3 = -y. Let c be (-8 - y)/((-2)/16). Suppose -4*r = -s + 18, -2*r = -5*s + r + 73. What is the greatest common divisor of s and c?
14
Let l = -46 + 48. Suppose 3*f - 60 = 2*h, 5*f - h - 100 = 2*h. Calculate the highest common divisor of l and f.
2
Let h(c) = -7*c - 20. Let l be h(-9). Calculate the greatest common factor of l and 43.
43
Let v(j) = -j**2 + 5*j - 3. Let o be v(4). Suppose -3*f - 3*d = f - 4, 12 = -2*f - 5*d. Calculate the highest common divisor of o and f.
1
Let u be 173 + 1 + 7 + -5. What is the highest common factor of 16 and u?
16
Let o be (-9)/(-2) - 6/(-4). Suppose 268 + 472 = 5*d. Suppose 5*p = 122 + d. Calculate the highest common divisor of o and p.
6
Suppose 5*x - 11 = 29. Let o(g) = -56*g**3 - 2*g**2 - 3*g - 1. Let z be o(-1). What is the greatest common factor of z and x?
8
Let n be (42/35)/((-2)/(-5)). Let p be -1*1/1 + n. Suppose -3*u + 20 = -p*u. What is the greatest common factor of u and 60?
20
Let i = 52 + -98. Let d = -31 - i. What is the highest common factor of 135 and d?
15
Let m be (-7)/(-14) + 71/2. Calculate the greatest common divisor of m and 9.
9
Let o(b) = -b**2 + 6*b + 16. Let y be o(11). Let a = -27 - y. What is the highest common factor of 84 and a?
12
Let n = -6 - -20. Calculate the greatest common divisor of 42 and n.
14
Let d be (-1 - -1) + 52*2. Let r be 1/(-2)*(1 - 1). Suppose -4*q - q + 65 = r. Calculate the highest common divisor of d and q.
13
Suppose 0*z - 1 = -z. Let r = z - -13. Calculate the greatest common factor of r and 14.
14
Let h = -8 - -14. Let d be ((-2)/4)/(-3*5/180). Calculate the greatest common factor of d and h.
6
Let s(d) = d + 26. Let x be s(-17). What is the highest common factor of x and 63?
9
Let b = 9 + 6. What is the highest common factor of b and 45?
15
Let v be (-93)/124 + (-534)/(-8). Let c(g) = -5*g + 1. Let m be c(-1). What is the highest common divisor of v and m?
6
Let n = 8 - 6. Suppose -q = -2, 0 = 3*g + g - 5*q + 2. Suppose 4*b = n*t - 30, 5*t - 102 = g*b - b. Calculate the greatest common factor of 3 and t.
3
Suppose -12*h + 80 = -2*h. Calculate the greatest common divisor of 88 and h.
8
Suppose 0 = b - 5*c - 35, 3*c = 3*b - 2*b - 45. Calculate the highest common factor of b and 4.
4
Let i be 6/21 - (0 + 418/(-7)). What is the highest common factor of 15 and i?
15
Let g(p) = 10*p**2 - p. Let c be g(-1). Let z be (-2*1)/(1/(-18)). Suppose d - 110 = r - z, 3*r + 376 = 5*d. Calculate the greatest common divisor of c and d.
11
Let v be (-182)/(-8) + 2 + 28/(-16). What is the greatest common divisor of 207 and v?
23
Let w(d) = 1 - 1 + d**2 + 1. Let t = 4 - 6. Let n be w(t). What is the highest common divisor of 55 and n?
5
Let u be 6 + 1165/35 + (-4)/14. Calculate the highest common divisor of 117 and u.
39
Let q(n) = n + 2. Let f be q(4). Suppose 0 = -5*c + 250 + 410. Let s = 186 - c. Calculate the highest common divisor of s and f.
6
Suppose -5*k = 4*b - 4, 4*b = -k - 0*b - 12. Let d = 47 - k. Let r be (-4)/(-10) - d/(-5). What is the highest common factor of 72 and r?
9
Let r = 13 + -9. Suppose -3*y - 31 = -4*i, r*i + 5 = -4*y + 1. Suppose -5*s = -i*s - z - 11, -4*s = -5*z - 45. Calculate the highest common factor of s and 5.
5
Suppose d - 15 = -0. Let w be 42/d + (-4)/(-20). Suppose z = -0*z + w. What is the highest common factor of z and 2?
1
Let t = 28 + -17. Let q be -2*3*(-3 - (-4)/(-6)). What is the greatest common divisor of t and q?
11
Let n(b) = 11*b**2 + 4*b + 5. Let s be n(-4). Suppose 5*w - 2*w - 63 = -5*y, 25 = 3*y + 5*w. Calculate the highest common factor of y and s.
15
Suppose 215 = 4*x + x. Let f = -27 + x. Calculate the greatest common divisor of 40 and f.
8
Suppose -w = -1, d - 3*w + 12 = 4*d. Let m be 1*6 - (d + -5). Let k = 5 - -7. Calculate the greatest common divisor of k and m.
4
Let i(u) = 3*u + 8. Let r be i(4). Suppose 3*a = 5*b + 1507, -3*b = 3*a - 4*b - 1523. Let x = a + -329. What is the greatest common divisor of r and x?
20
Suppose 3*u = -u - 40. Let d be 5/u*(1 - 9). Let f be (96/(-10))/((-6)/20). What is the highest common divisor of d and f?
4
Suppose -s - 4*i + 117 = 0, 3*s + 2*i - 309 = 4*i. What is the highest common factor of s and 35?
35
Suppose -3*a + 5*q = -154, q - 1 = -3. Suppose -2*r + 5*s + 1 = 0, 0*r + s = -2*r + 31. Let j = r + -7. What is the greatest common factor of a and j?
6
Let j = -204 + 479. Calculate the greatest common divisor of 25 and j.
25
Let r = 7 + -4. Suppose -h - r*x - 5 = 2*x, -33 = -3*h + x. What is the highest common divisor of h and 10?
10
Let t = 10 - 10. Suppose -2*d + 10 = t, -4*w = 3*d - 12 - 19. Calculate the highest common divisor of w and 20.
4
Suppose -2*t - 5*j = -13, 0 = -5*j - 3 - 12. What is the highest common divisor of 7 and t?
7
Let d be 2/(-5) + 96/(-10). Let v(c) = -c**2 - 7*c - 5. Let i be v(-7). Let f = i - d. What is the greatest common divisor of f and 2?
1
Let t(c) = 3*c + 1. Let q be t(1). Suppose q*p - 15 - 1 = 0. What is the highest common divisor of 44 and p?
4
Let r(m) = 30*m**2 - m + 1. Let k be r(-1). What is the highest common factor of 80 and k?
16
Let n(a) = a**2 + 4*a + 1. Let y be n(-3). Let f be (3 + y)*(27 - 2). What is the highest common factor of f and 10?
5
Suppose 3*t = 184 - 52. What is the greatest common divisor of t and 22?
22
Suppose -24*n + 27*n = 132. Calculate the highest common divisor of n and 11.
11
Suppose -8*n = -3*n - 150. Calculate the greatest common divisor of n and 90.
30
Suppose 0*l + 4*l + 36 = 0. Let g = -1 - l. Calculate the greatest common factor of 72 and g.
8
Let j be (-78)/(-4)*10/15. Let b = j + -6. What is the highest common divisor of 14 and b?
7
Let n be ((-4)/12 - -1)*132. Calculate the highest common divisor of 11 and n.
11
Suppose 5*y + 4*s + 3 = -27, 2*s - 30 = 5*y. Let d = 6 + y. Suppose -2*o + 6*p = 3*p + 2, 5*p - 20 = d. What is the highest common divisor of 35 and o?
5
Let l be (-3)/(-6) - 7/(-2). Suppose 0 = 2*a - a - h - 31, l*h = -a + 11. Let i be ((-9)/(-15))/((-2)/(-30)). Calculate the greatest common factor of a and i.
9
Suppose w + 163 = 2*b, 3*b + 4*w - 282 = -10. Let h(z) = 2*z + 2 - z + z - 4*z. Let a be h(-5). Calculate the highest common factor of b and a.
12
Let d = 67 - 4. Calculate the greatest common factor of d and 9.
9
Suppose -2*w = -0*w - 4*x - 36, -5*x - 33 = -w. Let m be (-1)/(6/w - 1). What is the greatest common divisor of m and 1?
1
Let a = -1 + -4. Let x be (a - -3) + 8*16. What is the highest common divisor of x and 14?
14
Let s(l) = l - 5*l**2 + 4 + 6*l**2 - 8*l. Let u be s(7). Calculate the greatest common divisor of u and 1.
1
Let n = 94 - 80. Suppose -4*x = -5*l + 101, 6*l + x - 106 = l. What is the greatest common factor of l and n?
7
Suppose -2*z = -10, 5*c + z = 6*z + 440. What is the hi